i + 15 = -2*i, 0 = -5*j + s*i + 320. List the prime factors of j.
61
Suppose -4*i - 5*g = 435 + 54, -367 = 3*i + 4*g. Let p = 299 + i. What are the prime factors of p?
2, 89
Let j be ((-2)/3)/(8/12). Let x(l) = -51*l**3 + 2*l + 1. Let h be x(j). What are the prime factors of (1/2)/(1/h)?
5
Let l = 31 + -67. Let g = 209 + -149. Let n = l + g. List the prime factors of n.
2, 3
Let n = 358 + 396. List the prime factors of n.
2, 13, 29
Suppose 0 = 5*u - 10, -7*x + 4*u = -3*x - 4828. What are the prime factors of x?
3, 13, 31
Let y(o) = -3*o**3 + 4*o - 1. Let b be y(-2). What are the prime factors of (1*(-56)/(-10))/(2/b)?
2, 3, 7
Let t(l) = 5*l - 3. Let v(z) = 4*z - 4. Let s(n) = 5*t(n) - 6*v(n). Let p be s(-7). Suppose 3*a = -p*a + 120. List the prime factors of a.
2, 3
Suppose 0 = -3*q + 5*t - 6, -q + 11 = 3*t + 27. Let o = q + 27. List the prime factors of o.
2, 5
Let g = 0 - 0. Suppose -5*f + 4*k + 281 = g, -3*f + 163 = 2*k - 3*k. What are the prime factors of f?
53
Let d(k) = k**2 + 6*k - 9. Let x be d(-8). Let u(f) = -f**3 + 9*f**2 - 6*f - 2. List the prime factors of u(x).
2, 3
Let v(s) = 23*s - 20. Let i be v(7). Let g = i + -84. List the prime factors of g.
3, 19
Let q(o) = 4*o - 26. Let v(n) = n**2 - 6*n + 12. Let g be v(7). What are the prime factors of q(g)?
2, 5
Let s = 29 + 23. Let z = 244 - 245. What are the prime factors of 3 - s/z - 0?
5, 11
Let n = 429 + 0. List the prime factors of n.
3, 11, 13
Let b(l) = -71*l - 7. Let u be b(-6). Let g = u - 264. Suppose -5*p + g = 5*z, 4*z + 5*p - 116 = 13. What are the prime factors of z?
2, 13
Let p be 3/(-9)*(-10 + -5). Suppose 2*w + 148 = -2*n + 3*n, p*w + 5 = 0. What are the prime factors of n?
2, 73
Suppose 2*w = 9*w - 2359. What are the prime factors of w?
337
Let g be (-2 + (-718)/2)/(-1). Suppose 6*x - g = 143. What are the prime factors of x?
2, 3, 7
Let m = 1668 - 990. What are the prime factors of m?
2, 3, 113
Let i = -298 - -426. List the prime factors of i.
2
Let a be ((-76)/10)/((-10)/250). Let z = -66 + a. What are the prime factors of z?
2, 31
What are the prime factors of -9*((-10933)/39 + 0)?
3, 29
Suppose 6*m + 70 = m. Let d = 17 + m. What are the prime factors of d?
3
Let r be (-166)/34 - 2/17 - 1. What are the prime factors of (-397)/(-3) + 8*r/(-72)?
7, 19
Suppose -4*v = -3*v - 2*y - 288, -y - 561 = -2*v. What are the prime factors of v?
2, 139
Suppose 27 - 3 = -4*z. Let p(o) = -2*o**2 - 8*o - 2. Let l be p(z). Let x = l - -46. List the prime factors of x.
2, 5
Let d = -2 + 2. Suppose -3*g - 2*g + 65 = d. Suppose -m + g = u, -6*u + 2*u = 5*m - 54. List the prime factors of u.
11
Let l(z) = 786*z**2 - 6*z - 7. What are the prime factors of l(-1)?
5, 157
Let k be (80/8)/(2/1). Suppose 2*f = 3*h - 22 + 195, -5*h + 370 = k*f. What are the prime factors of f?
79
Suppose 10*o + 35 = 5*o. Suppose 2*w - 3*k - 2 = 0, 0 = 2*w - k - 4*k - 6. Let a = w - o. What are the prime factors of a?
5
Let h be 8519/42*2 - (-2)/6. Let k = h - 264. What are the prime factors of k?
2, 71
Suppose b - 6 + 0 = -k, -22 = -3*b - 4*k. Suppose -2*s = b*s - 4. Let i = s + 9. What are the prime factors of i?
2, 5
Suppose -k - 3*o = -220, -12*k + 7*k + 2*o = -1185. What are the prime factors of k?
5, 47
Suppose -2*u + 15 = 47. What are the prime factors of 4 - 84/u*24/9?
2, 3
Let j be (15/10)/((-6)/32). Let w(o) = -12*o + 17. What are the prime factors of w(j)?
113
Suppose 0 = 4*b + z - 86, b + b + 5*z = 34. Let p = 25 - b. List the prime factors of p.
3
Suppose -2*q - 2*q = 0. Suppose i + 105 = 2*f, 2*f + 315 = -3*i - q*f. What are the prime factors of (114/5)/((-42)/i)?
3, 19
Suppose -60*n + 58*n = -6. Suppose -3*k + 4*k - 1 = 0. Suppose n*d + k = 28. What are the prime factors of d?
3
Let b = 811 - 450. List the prime factors of b.
19
Let t(d) = d + 3. Let m be t(-1). Suppose 0 = m*x - 25 - 41. What are the prime factors of x?
3, 11
Let q be (-2938)/(-10) - 6/(-30) - 0. Let s = q - 165. What are the prime factors of s?
3, 43
Suppose -2*a - 2*z = 3*z - 9, 0 = 2*a - 2*z - 2. Suppose -a*u + 2*s = 3*s - 168, 4*u + 3*s = 336. What are the prime factors of u?
2, 3, 7
Let m(w) = -w + 6. Let k be m(0). Let i = 52 + 2. Suppose 0*a = k*a - i. List the prime factors of a.
3
Suppose 3*f - 3144 = 3*h, -5*f - 12*h = -11*h - 5264. List the prime factors of f.
2, 263
Let m = 275 + -115. Let q = m + -108. List the prime factors of q.
2, 13
Let u = -51 - -41. Let h(s) = -s**3 - 10*s**2 - 14*s - 1. What are the prime factors of h(u)?
139
Let u = 260 + 843. What are the prime factors of u?
1103
Let v(r) = 8*r**2 + r**3 + 0*r + 2*r - 173 + 166. List the prime factors of v(-5).
2, 29
Suppose 193 = s - v - 587, -4*v = -2*s + 1558. List the prime factors of s.
11, 71
Let k(f) = -17*f + 37. Let z be k(8). List the prime factors of z/(-2) - (-4 - 56/(-16)).
2, 5
Let a(g) = -19*g - 15*g + 4 - 2. Suppose 46 = -16*c + 14. List the prime factors of a(c).
2, 5, 7
Let p be 3/(6/16) - (-51)/(-17). Let d(b) = 13*b - 12. List the prime factors of d(p).
53
Let o = 38 - 62. List the prime factors of (-1422)/o + 2/(-8).
59
Let s be 44 + -2 + 3/1. Let p = s + -2. Suppose 0 = 2*k + 17 - p. What are the prime factors of k?
13
Let y(f) = -106*f - 15. Let r be y(-4). Suppose 5*l = -3*g + 248, -4*l + r = 3*g + 2*g. What are the prime factors of g?
3
Let f(i) = -i - 3. Let u be (-62)/(-12) + 2/(-12). Let j be f(u). List the prime factors of 13 - 4/j*2.
2, 7
Let k(u) = 226*u - 61. List the prime factors of k(7).
3, 13
Let w(l) = 7*l + 1 + l**2 - 5*l - 4*l + 0*l. List the prime factors of w(3).
2
Suppose -g - 4*o + 1593 = 2*g, 5*g - 2620 = 5*o. What are the prime factors of g?
17, 31
Suppose -5*t + 2454 = 3*c - 243, -c + 1619 = 3*t. List the prime factors of t.
2, 3, 5
Suppose -8*b = 25*b - 21219. List the prime factors of b.
643
List the prime factors of (-10)/(-90)*-3 + 10785/9.
2, 599
Let j = 1137 + -1059. List the prime factors of j.
2, 3, 13
Suppose 0 = -2*m + 5*m - j - 25, -2*j + 22 = 2*m. Suppose m*n - 578 - 583 = 0. What are the prime factors of n?
3, 43
Suppose -5*a - 11 + 36 = 0. Suppose 5*o - 4*x = 283, -206 - 101 = -a*o - 4*x. What are the prime factors of o?
59
Let o = -376 + 392. Let h(t) = -t + 1. Let y be h(2). List the prime factors of y/2 - (-936)/o.
2, 29
Suppose -43 = 4*i + 5*w, 2*i - w = w - 26. List the prime factors of 100 + 3/(i/4).
3, 11
Let r(i) = 3*i - 81. Let k be r(27). Suppose k = -6*g - 7*g + 546. List the prime factors of g.
2, 3, 7
Let v(w) = -w**2 + 4*w - 4. Let r be v(6). Let s(t) = t**3 + 2*t**2 - 3*t - 2. Let y be s(-4). Let h = r - y. What are the prime factors of h?
2, 3
Suppose -5*o + 0*o = 0, 18 = 2*s - 3*o. List the prime factors of (-6 + 15)*(s + 0) + -2.
79
Suppose 15 = 7*j - 2*j, -2*k = -5*j - 173. What are the prime factors of k?
2, 47
Suppose -8*a - 27 = -1835. What are the prime factors of a?
2, 113
Suppose 1962 = 1714*c - 1711*c. List the prime factors of c.
2, 3, 109
Suppose -3*k = 0, 5*k = -u + 195 + 259. What are the prime factors of u?
2, 227
Suppose 3*k + 4*b - 2571 = 0, k = -0*k - 2*b + 855. List the prime factors of k.
3, 7, 41
Let b(o) = 66*o**2 + 4*o + 5. Let u be b(-2). Let w = u + -55. List the prime factors of w.
2, 103
Suppose -12*s + 938 = -202. List the prime factors of s.
5, 19
Suppose 0 = -j + 2*j + 2*l + 10, 0 = -2*j + l + 5. Suppose -3*v - 5*f = -95, j = -0*v - 3*v - 3*f + 93. What are the prime factors of v?
2, 3, 5
Let u = -611 + 917. What are the prime factors of u?
2, 3, 17
Let v = -2 - -2. Let r be -2 + (24/4 - v). Suppose 0 = r*z - 10*z + 270. List the prime factors of z.
3, 5
Suppose 0 = 5*f - 5*l - 3870, -4*l = -f - 0*f + 789. List the prime factors of f.
769
Let s(b) = 0*b**3 - 2*b + b**3 - 1893*b**2 - 6 + 1901*b**2. What are the prime factors of s(5)?
3, 103
Let m(t) = 4*t**3 - 4*t**2 - 4*t + 5. What are the prime factors of m(4)?
181
Suppose -363 = 3*j - 3*d - 0*d, -2 = 2*d. Let f be (-1)/4 + j/(-8). Suppose -2*c = -f - 19. List the prime factors of c.
17
Suppose 16*i = -6609 + 35889. List the prime factors of i.
2, 3, 5, 61
Let n(s) = -s + 16. Let a be n(8). Suppose 0 = -0*h + h - a. Suppose h*m = 9*m - 30. What are the prime factors of m?
2, 3, 5
Suppose 6*h - 804 - 768 = 0. List the prime factors of h.
2, 131
Suppose -2*f - 2*f + 492 = 0. List the prime factors 